(base 13) in base 14?
2b9
11100100 (base 3) to base 7
12144
What is -1bcc6 (base 14) in base 4?
-101113112
Convert -4462 (base 8) to base 4.
-210302
What is -14dd (base 15) in base 13?
-206b
What is 1574 (base 10) in base 8?
3046
-101111100011 (base 2) to base 4
-233203
What is -32101 (base 4) in base 10?
-913
-100024 (base 5) to base 8
-6103
102213 (base 7) to base 10
17601
What is -40514 (base 8) in base 5?
-1013331
Convert 10111100010 (base 2) to base 5.
22011
What is -1455 (base 9) in base 12?
-77b
What is 53250 (base 9) in base 14?
cb83
Convert 581 (base 10) to base 15.
28b
What is -281c (base 14) in base 16?
-1baa
-e36 (base 15) to base 16
-c81
What is 148 (base 14) in base 15?
125
Convert 2244 (base 7) to base 9.
1106
-5248 (base 9) to base 5
-110401
What is 183 (base 10) in base 12?
133
-31717 (base 8) to base 2
-11001111001111
What is b11 (base 14) in base 11?
16a4
What is 10120100121 (base 3) in base 9?
116317
Convert 15521 (base 6) to base 7.
10330
Convert 414 (base 5) to base 3.
11001
da35 (base 16) to base 12
283b1
Convert -171b7 (base 12) to base 4.
-20011123
Convert -135 (base 6) to base 13.
-47
16883 (base 10) to base 16
41f3
-c8 (base 14) to base 2
-10110000
What is 255 (base 8) in base 9?
212
-7140 (base 9) to base 10
-5220
What is -4600 (base 7) in base 15?
-761
335 (base 11) to base 15
1bb
What is 1135 (base 6) in base 9?
335
What is -3301 (base 5) in base 11?
-380
Convert -301231 (base 5) to base 6.
-112142
b5d (base 15) to base 16
a03
Convert -15 (base 8) to base 11.
-12
What is -1100121 (base 3) in base 4?
-33130
What is -31c7 (base 13) in base 5?
-210143
-14337 (base 13) to base 15
-b36c
What is 15534 (base 9) in base 7?
43012
-1263 (base 11) to base 12
-b4a
1335 (base 11) to base 15
7a7
Convert 12331322 (base 4) to base 12.
14622
Convert -514 (base 15) to base 6.
-5144
Convert 1101001100010 (base 2) to base 6.
51134
What is 24421 (base 6) in base 10?
3613
-110020222 (base 3) to base 16
-22e8
-7377 (base 9) to base 7
-21535
11042 (base 10) to base 14
404a
What is -28a60 (base 11) in base 3?
-2002112011
What is 4c1a (base 14) in base 3?
200022112
What is 300212 (base 4) in base 16?
c26
Convert -12100 (base 4) to base 8.
-620
What is 5f (base 16) in base 6?
235
-320 (base 16) to base 8
-1440
What is -331001 (base 4) in base 10?
-3905
-12021 (base 4) to base 11
-328
What is 2013 (base 6) in base 5?
3231
What is 1612 (base 8) in base 4?
32022
-1210 (base 4) to base 14
-72
1240 (base 5) to base 12
143
Convert -36453 (base 7) to base 13.
-4425
-10011000001011 (base 2) to base 6
-113031
What is -2037 (base 8) in base 12?
-73b
-110011100 (base 2) to base 4
-12130
-2a56 (base 15) to base 9
-13410
What is 2033 (base 11) in base 6?
20254
What is 1001110 (base 2) in base 12?
66
1010001111 (base 2) to base 16
28f
What is 56 (base 15) in base 2?
1010001
Convert 220021 (base 5) to base 11.
5709
Convert 2b5 (base 12) to base 7.
1145
40b (base 16) to base 3
1102100
Convert 786 (base 11) to base 15.
42b
-20342 (base 5) to base 10
-1347
23000 (base 9) to base 6
154513
Convert 20014 (base 7) to base 2.
1001011001101
Convert -1110111100111001 (base 2) to base 4.
-32330321
Convert 1354 (base 9) to base 5.
13041
-211101000 (base 3) to base 14
-5d2c
Convert -110000000001 (base 2) to base 14.
-1197
Convert 421021 (base 5) to base 10.
13886
Convert -32924 (base 10) to base 13.
-11ca8
Convert -327a (base 11) to base 15.
-1432
What is 224341 (base 7) in base 11?
28031
What is 3333 (base 9) in base 7?
10113
What is 5be (base 16) in base 14?
770
What is -1c60 (base 13) in base 8?
-10317
What is -22643 (base 7) in base 2?
-1011010110101
Convert -6 (base 12) to base 15.
-6
Convert 11ae7 (base 16) to base 12.
35ab3
Convert -10010101 (base 2) to base 9.
-175
What is -299e (base 15) in base 3?
-110020112
What is -11000000110 (base 2) in base 3?
-2010010
136122 (base 7) to base 9
38756
What is 6648 (base 10) in base 7?
25245
-13442 (base 9) to base 5
-242420
-18e1 (base 15) to base 5
-133021
What is a035 (base 11) in base 9?
20271
What is -767 (base 9) in base 12?
-444
43 (base 7) to base 3
1011
Convert -20 (base 12) to base 10.
-24
What is 2101202 (base 3) in base 15?
7b8
Convert -ea9 (base 15) to base 11.
-2539
-11111101110 (base 2) to base 7
-5630
Convert d6 (base 15) to base 3.
21110
b733 (base 15) to base 8
113534
130302 (base 5) to base 8
11725
What is -a470 (base 13) in base 7?
-123201
What is -11274 (base 9) in base 15?
-2364
What is 6a93 (base 14) in base 4?
10201321
What is 1585 (base 15) in base 7?
16325
What is 257 (base 10) in base 7?
515
-1e0 (base 16) to base 10
-480
Convert -241024 (base 6) to base 12.
-10174
What is 3701 (base 9) in base 14?
100b
What is -214 (base 7) in base 4?
-1231
Convert -2024 (base 13) to base 5.
-120144
What is -525332 (base 6) in base 9?
-64482
What is 6898 (base 11) in base 12?
52b1
What is -1212200020 (base 3) in base 15?
-ae2c
What is 2ebb (base 15) in base 9?
14735
What is 3328 (base 13) in base 4?
1233130
What is -1198 (base 15) in base 14?
-1515
-a9a (base 13) to base 14
-93b
-23b8a (base 12) to base 9
-73277
Convert 10 (base 4) to base 13.
4
What is -d5e (base 16) in base 3?
-11200202
Convert 6ab (base 12) to base 14.
511
What is 5320 (base 6) in base 3?
1122110
What is -10200102 (base 3) in base 11?
-2020
What is -100010011011 (base 2) in base 5?
-32303
-38524 (base 9) to base 16
-6556
What is 1212022 (base 3) in base 10?
1358
What is -26b (base 13) in base 11?
-359
1514 (base 6) to base 9
501
Convert -1185 (base 9) to base 11.
-737
Convert 11213 (base 4) to base 14.
1b9
1010000010 (base 2) to base 13
3a5
What is -1274 (base 12) in base 15?
-954
What is -111010010011 (base 2) in base 13?
-1910
Convert 220120012 (base 3) to base 10.
17906
What is -a620 (base 12) in base 7?
-103653
-3231 (base 8) to base 7
-4632
What is 223222 (base 5) in base 13?
37c7
Convert 15325 (base 6) to base 16.
9c5
Convert bac1 (base 13) to base 3.
1022200111
3821 (base 9) to base 13
13b7
Convert -1710 (base 9) to base 6.
-10013
What is 2574 (base 10) in base 8?
5016
What is 12035 (base 14) in base 6?
535251
What is -203140 (base 6) in base 9?
-24266
617 (base 9) to base 16
1f6
What is -13844 (base 11) in base 7?
-111201
-2202 (base 8) to base 9
-1522
What is 1495b (base 14) in base 4?
30200211
Convert -10522 (base 6) to base 9.
-2035
Convert 211522 (base 6) to base 10.
17258
Convert -2263 (base 7) to base 12.
-591
-36482 (base 9) to base 16
-5f87
2223 (base 5) to base 4
10321
338 (base 10) to base 2
101010010
Convert 1842 (base 14) to base 9.
5885
-237b0 (base 13) to base 16
-fe0f
Convert 11505 (base 8) to base 16.
1345
What is 563b (base 12) in base 14?
36a3
What is 133312 (base 5) in base 7?
21624
-3156 (base 8) to base 12
-b52
-17c (base 13) to base 15
-132
What is -3210 (base 4) in base 3?
-22110
-30d (base 14) to base 2
-1001011001
Convert -2186 (base 9) to base 11.
-1240
Convert -1000111001111011 (base 2) to base 6.
-440511
What is 23685 (base 9) in base 6?
201252
Convert 37b (base 15) to base 5.
11131
Convert c79a (base 15) to base 12.
20524
What is a97 (base 16) in base 11?
2045
What is -4286 (base 11) in base 6?
-42112
What is 7b3 (base 16) in base 12?
1183
-10111001101010 (base 2) to base 12
-6a62
Convert 131a (base 12) to base 13.
cbb
1041 (base 8) to base 10
545
1b (base 12) to base 16
17
What is 290 (base 10) in base 5?
2130
Convert 127 (base 8) to base 9.
106
-532 (base 7) to base 9
-327
What is -44132 (base 5) in base 13?
-1500
What is -37770 (base 8) in base 16?
-3ff8
What is -1212200100 (base 3) in base 5?
-2140240
What is -535 (base 12) in base 13?
-467
What is 211101 (base 3) in base 11?
4aa
What is 22220 (base 3) in base 15?
110
Convert 271 (base 10) to base 4.
10033
13460 (base 8) to base 2
1011100110000
What is 1022301 (base 4) in base 15?
1640
124111 (base 6) to base 16
2c0b
What is 11220 (base 4) in base 6?
1400
What is 386d (base 15) in base 14?
4552
-47 (base 10) to base 2
-101111
Convert -5142 (base 7) to base 11.
-1391
What is -10001100011100 (base 2) in base 11?
-6831
-1325 (base 10) to base 7
-3602
-744 (base 12) to base 2
-10000100100
What is 2fc (base 16) in base 14?
3c8
Convert -10287 (base 9) to base 8.
-15222
What is 2211011010 (base 3) in base 15?
116b0
-220102112 (base 3) to base 11
-12419
